11
-2c761c (base 13) to base 4
-10030332220
What is -6131124 (base 11) in base 16?
-a5576a
5315132 (base 8) to base 11
887764
What is -142404 (base 6) in base 11?
-a19a
Convert -14c86 (base 16) to base 10.
-85126
Convert -18b6c (base 16) to base 7.
-601061
What is 104402343 (base 5) in base 14?
c1b5b
What is -58991b (base 14) in base 2?
-1011100010000001010101
What is 1010100000100011110 (base 2) in base 7?
2632636
1124101114 (base 5) to base 8
11623230
4170 (base 16) to base 13
7818
Convert 24a4bc (base 15) to base 5.
422143302
Convert 241814 (base 10) to base 9.
407632
What is 20222101 (base 5) in base 12?
7ab0a
What is 2255502 (base 6) in base 16?
1c77e
Convert -30066075 (base 8) to base 12.
-2148b11
Convert 5015445 (base 6) to base 14.
61d2d
Convert 81886 (base 11) to base 7.
1005313
What is 1210034410 (base 5) in base 6?
140200152
What is 2670717 (base 8) in base 2?
10110111000111001111
Convert 13617036 (base 8) to base 6.
150103502
What is -31032011 (base 4) in base 10?
-54149
What is -1172136 (base 13) in base 2?
-10100100111000000001101
Convert 189b8d (base 15) to base 16.
12452e
5040352 (base 6) to base 2
111010010000001100
Convert 51781c (base 13) to base 14.
3770d8
Convert -6226611 (base 7) to base 11.
-46aa91
Convert 3330220000 (base 4) to base 14.
1cd14c
Convert 16430000 (base 7) to base 13.
442046
acfa (base 16) to base 15
d1c2
-2cc02 (base 14) to base 12
-54a6a
Convert 110000011101011110 (base 2) to base 15.
3dc2e
Convert 33022100112 (base 4) to base 6.
221102530
What is 120e22 (base 15) in base 3?
1121212220212
What is -a563ba (base 12) in base 6?
-131442354
-279a0 (base 16) to base 6
-3250544
Convert 1602226 (base 10) to base 7.
16422133
-110010112011 (base 3) to base 15
-4ab2a
Convert 100212012200112 (base 3) to base 13.
1115cb4
Convert 18a0057 (base 12) to base 10.
5184067
Convert -4445105 (base 9) to base 2.
-1001000111111101111111
Convert 200302314 (base 5) to base 13.
219030
Convert 101100000001011111000101 (base 2) to base 11.
6572542
Convert -23013322 (base 5) to base 13.
-71c48
What is 17737734 (base 8) in base 10?
4177884
Convert a1d7b (base 14) to base 11.
246757
What is 1021540 (base 6) in base 8?
141004
Convert -329bc9 (base 13) to base 4.
-10203031132
778353 (base 9) to base 15
92d63
b51d3c (base 15) to base 13
1a27223
-81994a (base 11) to base 14
-263923
Convert -262024 (base 9) to base 15.
-32164
-19932 (base 11) to base 8
-66140
Convert -132433040 (base 6) to base 12.
-a78780
1200120011110 (base 3) to base 8
3327426
Convert 40636564 (base 7) to base 12.
118229a
What is -539a29 (base 12) in base 5?
-314322033
128272 (base 12) to base 3
120110200212
342007 (base 8) to base 9
185656
-22200112 (base 5) to base 7
-1434651
What is 21bb77a (base 12) in base 4?
120223112032
Convert -111100001110111000110 (base 2) to base 14.
-3953ca
What is -cb52b (base 14) in base 7?
-4116654
Convert -1c6d6 (base 15) to base 7.
-534123
What is -3032013111 (base 4) in base 10?
-844245
What is 3cfd7 (base 16) in base 2?
111100111111010111
Convert 332504513 (base 6) to base 15.
7db486
-4021455 (base 6) to base 5
-22031421
1034004403 (base 5) to base 8
10453553
156315 (base 11) to base 8
731675
1013103210 (base 4) to base 16
474e4
What is -2721287 (base 9) in base 15?
-1e6897
125760 (base 9) to base 13
28a3a
Convert 33123011333 (base 4) to base 12.
142b93b
-24663b6 (base 14) to base 6
-1422104232
Convert 726938 (base 11) to base 7.
12623463
-1201444301 (base 5) to base 3
-12012111122202
4013003 (base 5) to base 12
308bb
Convert 204a06 (base 12) to base 15.
9edec
What is 22153 (base 6) in base 5?
44333
-100000100010011101 (base 2) to base 9
-222735
Convert -101110311 (base 4) to base 13.
-263bb
17c49 (base 15) to base 6
1352323
What is -21b140 (base 13) in base 6?
-25015011
Convert -4743284 (base 9) to base 2.
-1001110010111001100000
Convert -22104044 (base 5) to base 13.
-6900a
What is -bcb9f (base 16) in base 12?
-313427
What is -1401b (base 12) in base 6?
-332035
What is -4585846 (base 11) in base 6?
-443452300
Convert -6483 (base 11) to base 13.
-3b87
32611650 (base 8) to base 3
111012112001010
-2810085 (base 10) to base 2
-1010101110000011100101
What is 16331066 (base 8) in base 15?
4ea534
873074 (base 10) to base 13
247517
What is 2605 (base 9) in base 15?
89e
Convert 28e24e (base 15) to base 3.
10201011102102
Convert 1224404441 (base 5) to base 9.
5520828
Convert -22103021 (base 4) to base 7.
-233663
What is -18cb22 (base 13) in base 11?
-399939
Convert 12a1a21 (base 11) to base 9.
4187278
59911 (base 12) to base 4
131123131
What is bb242c (base 15) in base 5?
4240331232
Convert -40033 (base 16) to base 6.
-5341511
Convert -320004441 (base 5) to base 12.
-540b4a
Convert 1210100042 (base 5) to base 8.
12573237
What is -1630456 (base 7) in base 15?
-46e21
120022212112 (base 4) to base 13
140a559
Convert -973a02 (base 13) to base 14.
-685967
What is -1010110110111001000 (base 2) in base 4?
-1112313020
Convert 7010c (base 14) to base 12.
10b8a8
What is 416664 (base 7) in base 13?
26a27
100110111111110100110001 (base 2) to base 16
9bfd31
What is 337017 (base 9) in base 3?
101021000121
What is -2737c (base 14) in base 8?
-274742
Convert -1111101000100001101001 (base 2) to base 5.
-2022120103
-a9a90 (base 16) to base 4
-2221222100
Convert -100001111000001011 (base 2) to base 6.
-2550231
What is -53402 (base 8) in base 5?
-1203044
Convert 23320042 (base 5) to base 9.
355214
-297871 (base 11) to base 2
-1110001010101101010
What is 10122202002 (base 3) in base 14?
1c33a
-1636 (base 16) to base 12
-335a
What is -24104450 (base 6) in base 8?
-2703156
What is 4904 (base 13) in base 6?
115425
7342747 (base 8) to base 15
288207
Convert -3464320 (base 8) to base 7.
-11012111
What is -3206252 (base 8) in base 14?
-183946
What is -205333012 (base 6) in base 7?
-42526025
Convert 23109 (base 13) to base 8.
174623
What is 233202021 (base 4) in base 5?
22212242
What is -1131222 (base 6) in base 13?
-208b5
What is 5552454 (base 7) in base 2?
10100111010010010110
Convert -11100011000010111 (base 2) to base 10.
-116247
521732 (base 10) to base 9
874612
Convert 432041023 (base 5) to base 8.
6767553
What is 1122101 (base 15) in base 9?
25053111
What is 13763054 (base 8) in base 9?
5814046
What is -a0616 (base 13) in base 16?
-45fb3
Convert -136930 (base 11) to base 14.
-58038
Convert 9aa0c (base 13) to base 8.
1044221
Convert 92290 (base 10) to base 2.
10110100010000010
-4710634 (base 8) to base 13
-35b96a
What is -35bbc (base 13) in base 5?
-11124212
Convert 5455413 (base 6) to base 2.
1000010011011100001
154311335 (base 6) to base 14
619439
1011101101000001 (base 2) to base 10
47937
Convert 101001001011101101101 (base 2) to base 16.
14976d
What is -ab038a (base 12) in base 14?
-50a202
-56bb2 (base 13) to base 3
-22000201112
What is 3312313003 (base 4) in base 7?
11410633
Convert -485509 (base 10) to base 7.
-4061323
-433441041 (base 5) to base 4
-13011311100
What is 202033211013 (base 4) in base 7?
136205112
What is 1364cf (base 16) in base 9?
2346422
What is -155e56 (base 16) in base 2?
-101010101111001010110
-20262528 (base 9) to base 12
-331008b
-983a92 (base 11) to base 2
-101111111110000110011
Convert -12111141 (base 5) to base 12.
-55694
What is 1453346 (base 7) in base 6?
4125032
What is 2709b8 (base 15) in base 3?
10112021110102
3113221 (base 4) to base 14
505b
What is -31329 (base 12) in base 3?
-10021100020
What is -1044055 (base 7) in base 15?
-281ca
Convert 220020300123 (base 4) to base 5.
10143143002
2445351 (base 6) to base 2
11111111100000011
What is -15450170 (base 9) in base 3?
-112111200012100
Convert -113465610 (base 7) to base 15.
-93b6e6
-441241100 (base 5) to base 16
-1cfc05
87507 (base 11) to base 16
1f051
Convert -18210a (base 12) to base 11.
-266330
-1111366 (base 7) to base 8
-414263
-14566160 (base 7) to base 16
-154829
What is -1226346 (base 7) in base 3?
-22001011010
863524 (base 11) to base 3
2121011012122
Convert -2b07b17 (base 12) to base 6.
-510543231
Convert 8e548 (base 16) to base 5.
122123414
What is 1404276 (base 10) in base 2?
101010110110101110100
What is -176084 (base 13) in base 8?
-2165476
-2737455 (base 12) to base 10
-7788737
1721716 (base 8) to base 9
842727
-10023331 (base 6) to base 16
-452a7
Convert -2391